1
41999
2302310 (base 4) to base 15
35ce
Convert -4ba6 (base 14) to base 4.
-3033132
543 (base 9) to base 8
674
Convert 101266 (base 7) to base 5.
1023141
21102 (base 4) to base 6
2430
-3732 (base 10) to base 8
-7224
82016 (base 9) to base 10
53961
Convert -8a1 (base 13) to base 15.
-68d
What is 24253 (base 9) in base 14?
5cc8
What is -5231 (base 6) in base 11?
-975
-43330 (base 7) to base 2
-10101000110001
What is -51b4 (base 14) in base 2?
-11011011111010
Convert -1705 (base 10) to base 4.
-122221
-393 (base 14) to base 7
-2043
10010011011100110 (base 2) to base 4
102123212
Convert -1002 (base 7) to base 13.
-207
674 (base 13) to base 16
455
What is 90a (base 14) in base 6?
12114
Convert -11201 (base 3) to base 7.
-241
-3d23 (base 14) to base 12
-630b
-325a (base 13) to base 16
-1b5c
112a (base 11) to base 15
68e
Convert -1252 (base 12) to base 14.
-a86
What is -2211210 (base 3) in base 16?
-819
Convert -639 (base 15) to base 2.
-10101111100
Convert 100001101100010 (base 2) to base 16.
4362
What is 2541 (base 8) in base 4?
111201
Convert 11011010110101 (base 2) to base 5.
422010
-123023 (base 6) to base 11
-8319
What is -208 (base 10) in base 2?
-11010000
Convert -11306 (base 8) to base 12.
-2946
Convert 110011000 (base 2) to base 8.
630
Convert 814a (base 13) to base 4.
10112033
841 (base 9) to base 6
3101
315 (base 8) to base 16
cd
-322 (base 5) to base 9
-106
Convert 11001 (base 4) to base 7.
636
Convert -976 (base 13) to base 16.
-652
837 (base 9) to base 13
406
-1ad (base 15) to base 4
-12010
-568 (base 10) to base 8
-1070
1151 (base 8) to base 7
1541
What is -5282 (base 12) in base 5?
-242101
Convert 1170 (base 10) to base 9.
1540
Convert 1111011 (base 3) to base 12.
764
Convert 15820 (base 13) to base 16.
9fdc
Convert 11200233 (base 4) to base 16.
582f
789 (base 14) to base 10
1493
-12524 (base 11) to base 10
-17934
-36b5 (base 14) to base 2
-10010101011111
What is 23 (base 5) in base 14?
d
414 (base 9) to base 6
1321
What is -211e (base 16) in base 9?
-12560
-91eb (base 16) to base 11
-2607a
Convert -455 (base 16) to base 15.
-4de
Convert -855 (base 12) to base 14.
-62d
-21625 (base 7) to base 15
-193d
Convert 208 (base 11) to base 5.
2000
-21f (base 16) to base 14
-2ab
Convert -6c0 (base 15) to base 4.
-113322
What is 26107 (base 8) in base 12?
6687
Convert -3b3c (base 13) to base 12.
-4b05
13520 (base 6) to base 11
1672
What is 16671 (base 9) in base 3?
120202101
What is 419 (base 15) in base 4?
32130
Convert 2823 (base 9) to base 4.
201033
What is -4d (base 16) in base 14?
-57
What is -3a1 (base 14) in base 13?
-441
What is -26846 (base 9) in base 5?
-1040221
30808 (base 11) to base 5
2414044
What is -2545 (base 6) in base 12?
-455
Convert 2022220 (base 4) to base 13.
4066
What is 3498 (base 14) in base 4?
2032332
Convert -122251 (base 7) to base 10.
-22429
Convert 26460 (base 7) to base 10.
7098
2013 (base 6) to base 8
671
Convert 1000023 (base 4) to base 12.
2463
What is 25323 (base 10) in base 4?
12023223
What is 7814 (base 12) in base 10?
13264
Convert 303 (base 14) to base 8.
1117
Convert 4a9 (base 14) to base 16.
3a5
What is 571 (base 8) in base 13?
230
-424 (base 10) to base 4
-12220
1101101001 (base 2) to base 7
2355
1b8 (base 13) to base 8
500
-117342 (base 8) to base 6
-512150
-120121101 (base 3) to base 9
-16541
What is -300120 (base 6) in base 9?
-35053
Convert -1102322 (base 4) to base 7.
-21320
Convert 58592 (base 10) to base 4.
32103200
Convert -1a5 (base 16) to base 4.
-12211
Convert -111011000 (base 2) to base 8.
-730
Convert -25455 (base 9) to base 10.
-17141
-1502 (base 10) to base 7
-4244
What is -1205 (base 6) in base 15?
-148
What is -6788 (base 10) in base 9?
-10272
1455 (base 12) to base 16
941
Convert 3332 (base 4) to base 8.
376
Convert 2cb (base 15) to base 14.
33b
What is 429 (base 10) in base 8?
655
What is 122000 (base 3) in base 12?
323
Convert -40351 (base 8) to base 6.
-204533
What is 152530 (base 7) in base 5?
1423024
Convert -12b19 (base 12) to base 16.
-64c5
What is -414 (base 13) in base 10?
-693
-371 (base 12) to base 15
-247
What is -10444 (base 5) in base 7?
-2120
Convert 18a82 (base 11) to base 12.
13479
What is 120020222 (base 3) in base 2?
10101101110011
What is -43af (base 16) in base 7?
-101342
Convert -6d3 (base 15) to base 10.
-1548
10705 (base 8) to base 12
2771
Convert -3202312 (base 4) to base 16.
-38b6
605 (base 11) to base 16
2db
2322 (base 9) to base 6
11545
Convert -16a5 (base 12) to base 4.
-222131
What is -5774 (base 16) in base 9?
-33635
What is -21001111 (base 3) in base 16?
-1417
3b3a (base 13) to base 10
8499
Convert 13 (base 16) to base 15.
14
Convert -36502 (base 8) to base 13.
-71a4
1518 (base 14) to base 16
ea2
Convert -48075 (base 9) to base 15.
-97ce
56446 (base 7) to base 4
3133111
Convert 2314 (base 9) to base 12.
baa
4344 (base 5) to base 10
599
What is -374 (base 10) in base 8?
-566
What is -1100000010110100 (base 2) in base 5?
-3034312
Convert -1a21b (base 13) to base 6.
-1031341
What is -66a4 (base 12) in base 9?
-16517
-102 (base 6) to base 4
-212
What is -20020 (base 5) in base 6?
-5500
Convert -2516 (base 9) to base 11.
-1458
-227 (base 13) to base 3
-111202
Convert -15355 (base 7) to base 2.
-1000011001111
2404131 (base 5) to base 10
44291
What is -3131 (base 5) in base 11?
-349
-110011101000101 (base 2) to base 16
-6745
Convert -1c89 (base 14) to base 8.
-12141
What is -e04 (base 15) in base 5?
-100104
Convert 274c (base 13) to base 9.
7657
What is -1111 (base 3) in base 2?
-101000
Convert -662 (base 11) to base 14.
-40a
What is -3baa (base 12) in base 7?
-26053
Convert b18c (base 15) to base 10.
37482
64 (base 13) to base 12
6a
161 (base 16) to base 14
1b3
761 (base 8) to base 9
612
Convert -103120300 (base 4) to base 2.
-10011011000110000
Convert -33455 (base 6) to base 9.
-6418
-3e2e (base 15) to base 6
-141355
What is 22b3 (base 13) in base 10?
4878
-3852 (base 10) to base 15
-121c
What is 32749 (base 10) in base 5?
2021444
Convert 4210 (base 6) to base 11.
787
a55 (base 15) to base 8
4432
Convert -503 (base 13) to base 8.
-1520
2145 (base 6) to base 9
612
-1101110011 (base 2) to base 12
-617
What is 20444 (base 5) in base 11?
103a
Convert 21e (base 16) to base 7.
1403
-12212200 (base 3) to base 16
-10bc
Convert 88 (base 12) to base 8.
150
31030 (base 7) to base 16
1d8f
10b80 (base 13) to base 12
157b8
Convert 10033011 (base 4) to base 16.
43c5
-3244 (base 7) to base 9
-1527
-52020 (base 6) to base 9
-10443
Convert 11100000100001 (base 2) to base 8.
34041
Convert 2210 (base 3) to base 6.
203
243 (base 13) to base 14
201
What is -3414 (base 9) in base 3?
-10110111
What is 4343 (base 12) in base 5?
214040
What is -1111110001111111 (base 2) in base 6?
-1215131
-455 (base 10) to base 4
-13013
Convert 17b (base 14) to base 13.
1a6
What is -a50 (base 11) in base 3?
-1201212
Convert 423 (base 5) to base 4.
1301
-10313222 (base 4) to base 16
-4dea
What is -2b0cc (base 13) in base 6?
-1425041
What is -11b (base 15) in base 7?
-506
-46c1 (base 15) to base 3
-202121201
Convert -6 (base 11) to base 14.
-6
What is 3181 (base 15) in base 10?
10471
307 (base 14) to base 15
29a
-2444 (base 8) to base 16
-524
4588 (base 10) to base 3
20021221
Convert -4036 (base 7) to base 11.
-1062
Convert -2447 (base 8) to base 12.
-91b
1012 (base 7) to base 8
540
What is -402502 (base 6) in base 8?
-75746
What is -102225 (base 6) in base 4?
-2001221
What is 351 (base 6) in base 7?
256
Convert -3b38 (base 12) to base 9.
-10308
-1670 (base 12) to base 2
-101001110100
101010001011 (base 2) to base 10
2699
What is 10243 (base 7) in base 3?
10110201
7460 (base 9) to base 5
133411
3446 (base 8) to base 5
24310
50f (base 16) to base 13
788
What is 108b1 (base 12) in base 2?
101011000000101
What is -10011100110 (base 2) in base 11?
-a40
-10111011 (base 2) to base 11
-160
What is 210110 (base 3) in base 14?
2d5
What is 10012 (base 4) in base 2?
100000110
Convert d778 (base 14) to base 9.
55857
28a3 (base 11) to base 13
191c
What is -6541 (base 7) in base 15?
-a57
-40902 (base 10) to base 9
-62086
Convert -6ab0 (base 14) to base 9.
-27432
Convert -497 (base 10) to base 3.
-200102
-43143 (base 9) to base 13
-ccc3
1303203 (base 4) to base 12
4343
6a7 (base 14) to base 4
110223
Convert -11